{"id":18801,"date":"2025-06-10T22:02:58","date_gmt":"2025-06-10T22:02:58","guid":{"rendered":"https:\/\/eduardovelaruiz.org\/?page_id=18801"},"modified":"2026-02-12T18:07:09","modified_gmt":"2026-02-12T18:07:09","slug":"convocatoria","status":"publish","type":"page","link":"https:\/\/eduardovelaruiz.org\/?page_id=18801","title":{"rendered":"Convocatoria"},"content":{"rendered":"<div class=\"wpb-content-wrapper\"><p>[vc_row][vc_column width=&#8221;1\/6&#8243;][\/vc_column][vc_column width=&#8221;2\/3&#8243;][vc_empty_space height=&#8221;10px&#8221;][vc_column_text]<\/p>\n<h3 style=\"text-align: center;\"><strong>CONVOCATORIA DE BECAS<\/strong><br \/>\n<strong>INSCRIPCIONES ABIERTAS DEL 26 DE ENERO AL 20 DE FEBRERO 2026<\/strong><\/h3>\n<p style=\"text-align: center;\"><span style=\"color: #000000;\">La Fundaci\u00f3n Eduardo Jos\u00e9 Vela Ruiz te invita a participar en la convocatoria de la <strong>Beca<\/strong><\/span><br \/>\n<span style=\"color: #000000;\"><strong>de Excelencia &#8220;Transformando Vidas&#8221;<\/strong>, dirigida a alumnos con alto rendimiento<\/span><br \/>\n<span style=\"color: #000000;\">acad\u00e9mico y necesidad econ\u00f3mica.<\/span><\/p>\n<hr \/>\n<h3 style=\"text-align: center;\"><strong>REQUISITOS DE PARTICIPACI\u00d3N<\/strong><\/h3>\n<p style=\"text-align: center;\">\u2705 <span style=\"color: #000000;\">El estudiante debe estar cursando <strong>6\u00b0 de primaria, 1\u00b0, 2\u00b0 o 3\u00b0 de secundaria.<\/strong><\/span><br \/>\n<span style=\"color: #000000;\">\u2705 Promedio escolar <strong>igual o mayor a 9.5<\/strong> y compromiso de mantenerlo.<\/span><br \/>\n<span style=\"color: #000000;\">\u2705 Familias con capacidad financiera limitada para cubrir los gastos educativos.<\/span><\/p>\n<hr \/>\n<h3 style=\"text-align: center;\"><strong>PROCESO DE REGISTRO<\/strong><\/h3>\n<p style=\"text-align: center;\"><span style=\"color: #000000;\"><strong>1. <\/strong>El<strong> link de registro <\/strong>y gu\u00eda del formulario deber\u00e1 solicitarse al correo<\/span><span style=\"color: #000000;\">\u00a0<a href=\"mailto:becas@eduardovelaruiz.org\">becas@eduardovelaruiz.org<\/a>.<\/span><br \/>\n<span style=\"color: #000000;\"><strong>2. Llenado del formulario<\/strong><\/span><br \/>\n<span style=\"color: #000000;\">Completa el formulario en su totalidad. Te recomendamos revisar la &#8220;Gu\u00eda de Formulario&#8221;<\/span><br \/>\n<span style=\"color: #000000;\">para preparar la informaci\u00f3n con anticipaci\u00f3n.<\/span><br \/>\n<span style=\"color: #000000;\"><strong>3. Revisi\u00f3n de solicitud<\/strong><\/span><br \/>\n<span style=\"color: #000000;\">Solo se considerar\u00e1n solicitudes completas y correctas. Si falta informaci\u00f3n o documentos,<br \/>\nla postulaci\u00f3n ser\u00e1 descartada.<\/span><br \/>\n<span style=\"color: #000000;\"><strong>4. Evaluaci\u00f3n y resultados<\/strong><\/span><br \/>\n<span style=\"color: #000000;\">Los resultados se enviar\u00e1n v\u00eda correo electr\u00f3nico aproximadamente 15 d\u00edas despu\u00e9s del cierre de la convocatoria.<\/span><br \/>\n<span style=\"color: #000000;\"><strong>5. Evento de bienvenida<\/strong><\/span><br \/>\n<span style=\"color: #000000;\">Los beneficiarios deber\u00e1n asistir, junto con su tutor legal, al evento de bienvenida, donde se firmar\u00e1 el reglamento y convenio de participaci\u00f3n.<\/span><\/p>\n<hr \/>\n<h3 style=\"text-align: center;\"><strong>BENEFICIOS DE LA BECA<\/strong><\/h3>\n<p style=\"text-align: center;\">\ud83c\udf93 <span style=\"color: #000000;\">10 pagos mensuales a la Instituci\u00f3n Educativa por $5,000 pesos durante el ciclo<br \/>\nescolar 2026-2027 (el apoyo inicia en agosto 2026)<\/span><br \/>\n<span style=\"color: #000000;\">\ud83c\udfc6 Posibilidad de renovar la beca hasta el nivel universitario, cumpliendo con los<br \/>\nrequisitos de renovaci\u00f3n.<br \/>\n<\/span><\/p>\n<hr \/>\n<h3 style=\"text-align: center;\"><strong>CONSIDERACIONES IMPORTANTES<\/strong><\/h3>\n<p style=\"text-align: center;\"><span style=\"color: #000000;\">\u26a0 Solo se aceptar\u00e1n registros realizados dentro del periodo de inscripci\u00f3n<br \/>\n(hasta el 20 de febrero 2026). <\/span><br \/>\n<span style=\"color: #000000;\">\u26a0 El correo electr\u00f3nico proporcionado es el medio oficial de comunicaci\u00f3n;<br \/>\nverifica que sea correcto, si no, no recibir\u00e1s la informaci\u00f3n correspondiente.<\/span><br \/>\n<span style=\"color: #000000;\">\u26a0 Las solicitudes incompletas o con documentos faltantes ser\u00e1n anuladas sin excepci\u00f3n.<\/span><br \/>\n<span style=\"color: #000000;\">\u26a0 Para m\u00e1s detalles sobre el proceso, consulta la &#8220;Gu\u00eda del Formulario&#8221; y el<br \/>\ndocumento de &#8220;Preguntas Frecuentes (FAQ)&#8221;.<\/span><\/p>\n<hr \/>\n<h3 style=\"text-align: center;\"><strong>REGLAMENTO<\/strong><\/h3>\n<p style=\"text-align: center;\"><span style=\"color: #000000;\"><strong> Los estudiantes solicitantes deben: <\/strong><\/span><br \/>\n<span style=\"color: #000000;\">a) Mantener un promedio m\u00ednimo de 9.5 para conservar la beca. <\/span><br \/>\n<span style=\"color: #000000;\">b) Presentar su certificado de calificaciones del ciclo anterior y al final del ciclo<br \/>\nescolar apoyado para verificar el cumplimiento del promedio requerido.<br \/>\n<\/span><br \/>\n<span style=\"color: #000000;\"><strong>Sobre la beca:<\/strong><\/span><br \/>\n<span style=\"color: #000000;\">1.Los montos se pagar\u00e1n directamente a la escuela del estudiante<br \/>\nbeneficiario. Los fondos no ser\u00e1n entregados por ning\u00fan motivo a los<br \/>\npadres o tutores del estudiante.<\/span><br \/>\n<span style=\"color: #000000;\">2. Los fondos de la beca se destinar\u00e1n \u00fanicamente al pago de matr\u00edcula,<br \/>\ncuotas escolares y otros costos educativos autorizados por la Fundaci\u00f3n<br \/>\nEduardo Jos\u00e9 Vela Ruiz.<\/span><br \/>\n<span style=\"color: #000000;\">3.Ninguna beca deber\u00e1 superar los montos establecidos en el presente<br \/>\ndocumento.<\/span><br \/>\n<span style=\"color: #000000;\">4. La escuela deber\u00e1 emitir factura de manera obligatoria a la Fundaci\u00f3n<br \/>\nEduardo Jos\u00e9 Vela Ruiz.<\/span><br \/>\n<span style=\"color: #000000;\">5. \u00danicamente se entregar\u00e1 una beca por familia.<\/span><br \/>\n<span style=\"color: #000000;\">6. La beca ser\u00e1 intransferible. Solo podr\u00e1 hacer uso de ella el beneficiario.<\/span><br \/>\n<span style=\"color: #000000;\">7. Toda la informaci\u00f3n relacionada con la beca y el uso de los fondos ser\u00e1<br \/>\ntratada con la m\u00e1xima confidencialidad.<\/span><br \/>\n<span style=\"color: #000000;\">8. La escuela y el estudiante deber\u00e1n firmar un acuerdo de confidencialidad<br \/>\npara proteger la informaci\u00f3n personal y financiera asociada con la beca<br \/>\n<\/span><br \/>\n<span style=\"color: #000000;\"><strong>Proceso de evaluaci\u00f3n y selecci\u00f3n:<\/strong><\/span><br \/>\n<span style=\"color: #000000;\">1. Las solicitudes ser\u00e1n revisadas por el Comit\u00e9 de Educaci\u00f3n designado por<br \/>\nla Fundaci\u00f3n Eduardo Jos\u00e9 Vela Ruiz.<\/span><br \/>\n<span style=\"color: #000000;\">2. El Comit\u00e9 evaluar\u00e1 el desempe\u00f1o acad\u00e9mico del estudiante solicitante y la<br \/>\nnecesidad econ\u00f3mica familiar. El proceso de selecci\u00f3n de becarias y<br \/>\nbecarios se llevar\u00e1 a cabo conforme a los lineamientos establecidos por el<br \/>\nComit\u00e9 de Educaci\u00f3n.<\/span><br \/>\n<span style=\"color: #000000;\">3. Los resultados ser\u00e1n comunicados aproximadamente 15 d\u00edas despu\u00e9s del<br \/>\ncierre de la convocatoria.<\/span><br \/>\n<span style=\"color: #000000;\">4. Los beneficiarios ser\u00e1n notificados a trav\u00e9s del correo electr\u00f3nico que<br \/>\nproporcionaron en su registro y la lista de seleccionados ser\u00e1 publicada en<br \/>\nla p\u00e1gina de internet de la Fundaci\u00f3n.<\/span><br \/>\n<span style=\"color: #000000;\">5. La decisi\u00f3n del comit\u00e9 es definitiva e inapelable.<br \/>\n<\/span><br \/>\n<span style=\"color: #000000;\"><strong>Sobre la renovaci\u00f3n de la beca:<\/strong><\/span><br \/>\n<span style=\"color: #000000;\">1. Los estudiantes beneficiados por la beca podr\u00e1n presentar una solicitud de<br \/>\nrenovaci\u00f3n con la documentaci\u00f3n requerida al final de cada a\u00f1o<br \/>\nacad\u00e9mico.<\/span><br \/>\n<span style=\"color: #000000;\">2. La beca est\u00e1 sujeta a la continua elegibilidad del estudiante, la<br \/>\ndisponibilidad de fondos y el cumplimiento de los criterios establecidos en<br \/>\nel programa.<\/span><br \/>\n<span style=\"color: #000000;\">3. La solicitud de renovaci\u00f3n debe ser presentada al menos 90 d\u00edas antes del<br \/>\ninicio del nuevo ciclo escolar, de acuerdo con las fechas establecidas.<br \/>\n<\/span><br \/>\n<span style=\"color: #000000;\"><strong>Sobre la cancelaci\u00f3n de la beca:<\/strong><\/span><br \/>\n<span style=\"color: #000000;\">1. La beca puede ser suspendida o cancelada si:<\/span><br \/>\n<span style=\"color: #000000;\">a. Se incumple el reglamento o si el estudiante no mantiene el<br \/>\npromedio requerido.<\/span><br \/>\n<span style=\"color: #000000;\">b. Se detecta la falsificaci\u00f3n o alteraci\u00f3n de documentos.<\/span><br \/>\n<span style=\"color: #000000;\">c. No se presentan los certificados de calificaciones o documentos de<br \/>\nnecesidad econ\u00f3mica en los plazos establecidos.<br \/>\n<\/span><br \/>\n<span style=\"color: #000000;\">La Fundaci\u00f3n Eduardo Jos\u00e9 Vela Ruiz se reserva el derecho de modificar el<br \/>\nreglamento que se incluye en esta convocatoria en cualquier momento. Cualquier<br \/>\ncambio ser\u00e1 notificado a los beneficiarios con la debida antelaci\u00f3n.<br \/>\n<\/span><br \/>\n<span style=\"color: #000000;\">Cualquier situaci\u00f3n no contemplada en este el reglamento que se incluye en esta<br \/>\nconvocatoria ser\u00e1 resuelta por el comit\u00e9 de selecci\u00f3n, de acuerdo con los<br \/>\nprincipios de justicia y equidad.<\/span><\/p>\n<hr \/>\n<h3 style=\"text-align: center;\"><strong>CONTACTO<\/strong><\/h3>\n<p style=\"text-align: center;\"><span style=\"color: #000000;\">Si tienes dudas o necesitas m\u00e1s informaci\u00f3n, escr\u00edbenos a:<\/span><br \/>\n<span style=\"color: #000000;\"><a href=\"mailto:becas@eduardovelaruiz.org\">becas@eduardovelaruiz.org<\/a> o al WhastApp (833) 302 4463.<\/span><\/p>\n<p>[\/vc_column_text]<div class=\"edgtf-separator-holder clearfix  edgtf-separator-center\">\n\t<div class=\"edgtf-separator\" style=\"border-color: #1e73be;width: 50px;border-bottom-width: 3px;margin-top: 25px;margin-bottom: 25px\"><\/div>\n<\/div>\n[vc_empty_space height=&#8221;70px&#8221;][\/vc_column][vc_column width=&#8221;1\/6&#8243;][\/vc_column][\/vc_row][vc_row css=&#8221;.vc_custom_1718379238875{background-color: #383c4c !important;}&#8221;][vc_column][vc_row_inner][vc_column_inner width=&#8221;1\/3&#8243;][vc_empty_space height=&#8221;0px&#8221;][vc_single_image image=&#8221;18105&#8243; img_size=&#8221;medium&#8221; alignment=&#8221;center&#8221; css=&#8221;.vc_custom_1718642926673{background-image: url(https:\/\/eduardovelaruiz.org\/wp-content\/uploads\/2024\/06\/04_LOGO_FEJVR_Blanco.png?id=18105) !important;}&#8221;][vc_empty_space height=&#8221;0px&#8221;][\/vc_column_inner][vc_column_inner width=&#8221;1\/3&#8243;][vc_empty_space height=&#8221;20px&#8221;][vc_column_text]<\/p>\n<h3><span style=\"color: #ffffff;\">Nosotros<\/span><\/h3>\n<p>[\/vc_column_text][vc_column_text]<span style=\"color: #ffffff;\">Estamos comprometidos con la educaci\u00f3n equitativa y el cambio positivo en la sociedad.<\/span>[\/vc_column_text][vc_empty_space height=&#8221;20px&#8221;][\/vc_column_inner][vc_column_inner width=&#8221;1\/3&#8243;][vc_empty_space height=&#8221;20px&#8221;][vc_empty_space height=&#8221;20px&#8221;][\/vc_column_inner][\/vc_row_inner][\/vc_column][\/vc_row][vc_row][vc_column][vc_raw_html]JTNDbGluayUyMGhyZWYlM0QlMjIlMkYlMkZjZG5qcy5jbG91ZGZsYXJlLmNvbSUyRmFqYXglMkZsaWJzJTJGZm9udC1hd2Vzb21lJTJGNC43LjAlMkZjc3MlMkZmb250LWF3ZXNvbWUubWluLmNzcyUyMiUyMHJlbCUzRCUyMnN0eWxlc2hlZXQlMjIlM0UlMEElM0NzdHlsZSUzRSUwQSUyRiUyQSUyMEdlbmVyYWwlMjBzdHlsZXMlMjAlMkElMkYlMEFkaXYubXljb250YWluZXIlMjAlN0IlMEElMjAlMjB3aWR0aCUzQSUyMDEwMCUyNSUzQiUwQSUyMCUyMG92ZXJmbG93JTNBJTIwYXV0byUzQiUwQSUyMCUyMGRpc3BsYXklM0ElMjBmbGV4JTNCJTBBJTIwJTIwZmxleC13cmFwJTNBJTIwd3JhcCUzQiUwQSUyMCUyMGJhY2tncm91bmQtY29sb3IlM0ElMjAlMjMxZTczYmUlM0IlMEElN0QlMEElMEFkaXYubXljb250YWluZXIlMjBkaXYlMjAlN0IlMEElMjAlMjB3aWR0aCUzQSUyMDMzJTI1JTNCJTBBJTIwJTIwdGV4dC1hbGlnbiUzQSUyMGNlbnRlciUzQiUwQSUyMCUyMHBhZGRpbmclM0ElMjAyMHB4JTIwMCUzQiUwQSUyMCUyMGNvbG9yJTNBJTIwd2hpdGUlM0IlMEElN0QlMEElMEElMkYlMkElMjBTb2NpYWwlMjBpY29ucyUyMCUyQSUyRiUwQS5zb2NpYWwtaWNvbnMlMjAlN0IlMEElMjAlMjB0ZXh0LWFsaWduJTNBJTIwY2VudGVyJTNCJTBBJTIwJTIwcGFkZGluZy1sZWZ0JTNBJTIwMCUzQiUwQSUyMCUyMG1hcmdpbi1ib3R0b20lM0ElMjAwJTNCJTBBJTIwJTIwbGlzdC1zdHlsZSUzQSUyMG5vbmUlM0IlMEElN0QlMEElMEEuc29jaWFsLWljb25zJTIwbGklMjAlN0IlMEElMjAlMjBkaXNwbGF5JTNBJTIwaW5saW5lLWJsb2NrJTNCJTBBJTIwJTIwbWFyZ2luLWJvdHRvbSUzQSUyMDEycHglM0IlMEElN0QlMEElMEEuc29jaWFsLWljb25zJTIwYSUyMCU3QiUwQSUyMCUyMHdpZHRoJTNBJTIwNDRweCUzQiUwQSUyMCUyMGhlaWdodCUzQSUyMDQ0cHglM0IlMEElMjAlMjBiYWNrZ3JvdW5kLWNvbG9yJTNBJTIwJTIzMWU3M2JlJTNCJTBBJTIwJTIwY29sb3IlM0ElMjB3aGl0ZSUzQiUwQSUyMCUyMHRleHQtYWxpZ24lM0ElMjBjZW50ZXIlM0IlMEElMjAlMjBsaW5lLWhlaWdodCUzQSUyMDQ0cHglM0IlMEElMjAlMjBmb250LXNpemUlM0ElMjAyNHB4JTNCJTBBJTIwJTIwZGlzcGxheSUzQSUyMGlubGluZS1ibG9jayUzQiUwQSUyMCUyMGJvcmRlci1yYWRpdXMlM0ElMjA1MCUyNSUzQiUwQSUyMCUyMC13ZWJraXQtdHJhbnNpdGlvbiUzQSUyMGFsbCUyMC4ycyUyMGxpbmVhciUzQiUwQSUyMCUyMC1vLXRyYW5zaXRpb24lM0ElMjBhbGwlMjAuMnMlMjBsaW5lYXIlM0IlMEElMjAlMjB0cmFuc2l0aW9uJTNBJTIwYWxsJTIwLjJzJTIwbGluZWFyJTNCJTBBJTdEJTBBJTBBLnNvY2lhbC1pY29ucyUyMGElM0FhY3RpdmUlMkMlMjAuc29jaWFsLWljb25zJTIwYSUzQWZvY3VzJTJDJTIwLnNvY2lhbC1pY29ucyUyMGElM0Fob3ZlciUyMCU3QiUwQSUyMCUyMGNvbG9yJTNBJTIwJTIzZmZmJTNCJTBBJTIwJTIwYmFja2dyb3VuZC1jb2xvciUzQSUyMCUyMzFlNzNiZSUzQiUwQSU3RCUwQSUwQS5zb2NpYWwtaWNvbnMlMjBhLmZhY2Vib29rJTNBaG92ZXIlMjAlN0IlMEElMjAlMjBiYWNrZ3JvdW5kLWNvbG9yJTNBJTIwJTIzM2I1OTk4JTNCJTBBJTdEJTBBJTBBLnNvY2lhbC1pY29ucyUyMGEudHdpdHRlciUzQWhvdmVyJTIwJTdCJTBBJTIwJTIwYmFja2dyb3VuZC1jb2xvciUzQSUyMCUyMzAwYWNlZCUzQiUwQSU3RCUwQSUwQS5zb2NpYWwtaWNvbnMlMjBhLmluc3RhZ3JhbSUzQWhvdmVyJTIwJTdCJTBBJTIwJTIwYmFja2dyb3VuZC1jb2xvciUzQSUyMCUyM2YwMDA3NyUzQiUwQSU3RCUwQSUwQSUyRiUyQSUyME1lZGlhJTIwcXVlcmllcyUyMGZvciUyMHJlc3BvbnNpdmUlMjBkZXNpZ24lMjAlMkElMkYlMEElNDBtZWRpYSUyMCUyOG1heC13aWR0aCUzQSUyMDk5MXB4JTI5JTIwJTdCJTBBJTIwJTIwZGl2Lm15Y29udGFpbmVyJTIwZGl2JTIwJTdCJTBBJTIwJTIwJTIwJTIwd2lkdGglM0ElMjA1MCUyNSUzQiUwQSUyMCUyMCU3RCUwQSU3RCUwQSUwQSU0MG1lZGlhJTIwJTI4bWF4LXdpZHRoJTNBJTIwNzY3cHglMjklMjAlN0IlMEElMjAlMjBkaXYubXljb250YWluZXIlMjBkaXYlMjAlN0IlMEElMjAlMjAlMjAlMjB3aWR0aCUzQSUyMDEwMCUyNSUzQiUwQSUyMCUyMCU3RCUwQSU3RCUwQSUzQyUyRnN0eWxlJTNFJTBBJTBBJTNDZGl2JTIwY2xhc3MlM0QlMjJteWNvbnRhaW5lciUyMiUzRSUwQSUyMCUyMCUzQ2RpdiUzRSUwQSUyMCUyMCUyMCUyMCUzQ3AlM0UlQzIlQTklMjAyMDI2JTIwRnVuZGFjaSVDMyVCM24lMjBFZHVhcmRvJTIwSi4lMjBWZWxhJTIwUnVpeiUzQyUyRnAlM0UlMEElMjAlMjAlMjAlMjAlM0NwJTIwc3R5bGUlM0QlMjJjb2xvciUzQXdoaXRlJTNCdGV4dC1kZWNvcmF0aW9uJTNBJTIwdW5kZXJsaW5lJTNCJTIyJTNFJTNDYSUyMGhyZWYlM0QlMjJodHRwcyUzQSUyRiUyRmVkdWFyZG92ZWxhcnVpei5vcmclMkYlM0ZwYWdlX2lkJTNEMTg4OTIlMjIlMjB0YXJnZXQlM0QlMjJfYmxhbmslMjIlMjBzdHlsZSUzRCUyMmNvbG9yJTNBd2hpdGUlM0IlMjIlM0VQb2wlQzMlQUR0aWNhJTIwZGUlMjBQcm90ZWNjaSVDMyVCM24lMjBkZSUyMERhdG9zJTNDJTJGYSUzRSUzQyUyRnAlM0UlMEElMjAlMjAlM0MlMkZkaXYlM0UlMEElMjAlMjAlMEElMjAlMjAlM0NkaXYlM0UlMEElMjAlMjAlMjAlMjAlM0N1bCUyMGNsYXNzJTNEJTIyc29jaWFsLWljb25zJTIyJTNFJTBBJTIwJTIwJTIwJTIwJTIwJTIwJTNDbGklM0UlM0NhJTIwY2xhc3MlM0QlMjJpbnN0YWdyYW0lMjIlMjBocmVmJTNEJTIyaHR0cHMlM0ElMkYlMkZ3d3cuaW5zdGFncmFtLmNvbSUyRmZ1bmRhY2lvbmVkdWFyZG92ZWxhJTNGaWdzaCUzRFpXRjRlbUppT0c0MmIzbGslMjIlMjB0YXJnZXQlM0QlMjJfYmxhbmslMjIlM0UlM0NpJTIwY2xhc3MlM0QlMjJmYSUyMGZhLWluc3RhZ3JhbSUyMiUzRSUzQyUyRmklM0UlM0MlMkZhJTNFJTNDJTJGbGklM0UlMEElMjAlMjAlMjAlMjAlMjAlMjAlM0NsaSUzRSUzQ2ElMjBjbGFzcyUzRCUyMmZhY2Vib29rJTIyJTIwaHJlZiUzRCUyMmh0dHBzJTNBJTJGJTJGd3d3LmZhY2Vib29rLmNvbSUyRkZ1bmRhY2lvbkVkdWFyZG9Kb3NlVmVsYVJ1aXolMjIlMjB0YXJnZXQlM0QlMjJfYmxhbmslMjIlM0UlM0NpJTIwY2xhc3MlM0QlMjJmYSUyMGZhLWZhY2Vib29rJTIyJTNFJTNDJTJGaSUzRSUzQyUyRmElM0UlM0MlMkZsaSUzRSUwQSUyMCUyMCUyMCUyMCUyMCUyMCUzQ2xpJTNFJTNDYSUyMGNsYXNzJTNEJTIybGlua2VkaW4lMjIlMjBocmVmJTNEJTIyaHR0cHMlM0ElMkYlMkZ3d3cubGlua2VkaW4uY29tJTJGY29tcGFueSUyRmZ1bmRhY2lvbmVkdWFyZG9qb3NldmVsYXJ1aXolMkZwb3N0cyUyRiUyMiUyMHRhcmdldCUzRCUyMl9ibGFuayUyMiUzRSUzQ2klMjBjbGFzcyUzRCUyMmZhJTIwZmEtbGlua2VkaW4lMjIlM0UlM0MlMkZpJTNFJTNDJTJGYSUzRSUzQyUyRmxpJTNFJTBBJTIwJTIwJTIwJTIwJTNDJTJGdWwlM0UlMEElMjAlMjAlM0MlMkZkaXYlM0UlMEElMjAlMjAlMEElMjAlMjAlM0NkaXYlM0UlMEElMjAlMjAlMjAlMjAlM0NwJTNFVG9kb3MlMjBsb3MlMjBkZXJlY2hvcyUyMHJlc2VydmFkb3MlM0MlMkZwJTNFJTBBJTIwJTIwJTNDJTJGZGl2JTNFJTBBJTNDJTJGZGl2JTNFJTBB[\/vc_raw_html][\/vc_column][\/vc_row]<\/p>\n<\/div>","protected":false},"excerpt":{"rendered":"<p>[vc_row][vc_column width=&#8221;1\/6&#8243;][\/vc_column][vc_column width=&#8221;2\/3&#8243;][vc_empty_space height=&#8221;10px&#8221;][vc_column_text] CONVOCATORIA DE BECAS INSCRIPCIONES ABIERTAS DEL 26 DE ENERO AL 20 DE FEBRERO 2026 La Fundaci\u00f3n Eduardo Jos\u00e9 Vela Ruiz te invita a participar en la convocatoria de la Beca de Excelencia &#8220;Transformando Vidas&#8221;, dirigida a alumnos con alto rendimiento acad\u00e9mico y necesidad econ\u00f3mica. REQUISITOS DE PARTICIPACI\u00d3N \u2705 El estudiante debe&#8230;<\/p>\n","protected":false},"author":1,"featured_media":0,"parent":0,"menu_order":0,"comment_status":"closed","ping_status":"closed","template":"full-width.php","meta":{"give_campaign_id":0,"footnotes":""},"class_list":["post-18801","page","type-page","status-publish","hentry"],"campaignId":"","_links":{"self":[{"href":"https:\/\/eduardovelaruiz.org\/index.php?rest_route=\/wp\/v2\/pages\/18801","targetHints":{"allow":["GET"]}}],"collection":[{"href":"https:\/\/eduardovelaruiz.org\/index.php?rest_route=\/wp\/v2\/pages"}],"about":[{"href":"https:\/\/eduardovelaruiz.org\/index.php?rest_route=\/wp\/v2\/types\/page"}],"author":[{"embeddable":true,"href":"https:\/\/eduardovelaruiz.org\/index.php?rest_route=\/wp\/v2\/users\/1"}],"replies":[{"embeddable":true,"href":"https:\/\/eduardovelaruiz.org\/index.php?rest_route=%2Fwp%2Fv2%2Fcomments&post=18801"}],"version-history":[{"count":31,"href":"https:\/\/eduardovelaruiz.org\/index.php?rest_route=\/wp\/v2\/pages\/18801\/revisions"}],"predecessor-version":[{"id":18917,"href":"https:\/\/eduardovelaruiz.org\/index.php?rest_route=\/wp\/v2\/pages\/18801\/revisions\/18917"}],"wp:attachment":[{"href":"https:\/\/eduardovelaruiz.org\/index.php?rest_route=%2Fwp%2Fv2%2Fmedia&parent=18801"}],"curies":[{"name":"wp","href":"https:\/\/api.w.org\/{rel}","templated":true}]}}