{"id":18111,"date":"2024-06-14T02:44:54","date_gmt":"2024-06-14T02:44:54","guid":{"rendered":"https:\/\/eduardovelaruiz.org\/?page_id=18111"},"modified":"2026-02-12T18:05:30","modified_gmt":"2026-02-12T18:05:30","slug":"about-our-work-copy","status":"publish","type":"page","link":"https:\/\/eduardovelaruiz.org\/?page_id=18111","title":{"rendered":"Nuestra Historia"},"content":{"rendered":"<div class=\"wpb-content-wrapper\"><p>[vc_row][vc_column width=&#8221;1\/6&#8243;]<div class=\"edgtf-elements-holder edgtf-responsive-mode-768\" ><div class=\"edgtf-elements-holder-item \" data-item-class=\"edgtf-elements-holder-custom-335742\" >\n\t\t<div class=\"edgtf-elements-holder-item-inner\">\n\t\t<div class=\"edgtf-elements-holder-item-content edgtf-elements-holder-custom-335742\" >\n\t\t\t\t\t<\/div>\n\t<\/div>\n\t<\/div><\/div>[\/vc_column][vc_column width=&#8221;2\/3&#8243;]<div class=\"edgtf-elements-holder edgtf-responsive-mode-768\" ><div class=\"edgtf-elements-holder-item \" data-item-class=\"edgtf-elements-holder-custom-375022\" data-1280-1600=\"100px 4% 80px 0%\" data-1024-1280=\"100px 0% 80px 0%\" data-768-1024=\"70px 0% 80px 0%\" data-600-768=\"23px 20% 0px 20%\" data-480-600=\"23px 20% 0px 20%\" data-480=\"23px 20% 0px 20%\" >\n\t\t<div class=\"edgtf-elements-holder-item-inner\">\n\t\t<div class=\"edgtf-elements-holder-item-content edgtf-elements-holder-custom-375022\" >\n\t\t\t[vc_empty_space height=&#8221;40px&#8221;][vc_column_text]<\/p>\n<p style=\"text-align: center;\">La Fundaci\u00f3n Eduardo Vela Ruiz nace con el prop\u00f3sito de honrar el legado de un hombre extraordinario: Eduardo Vela Ruiz. Eduardo no solo fue un destacado l\u00edder empresarial, sino tambi\u00e9n un fil\u00e1ntropo comprometido con mejorar la vida de quienes lo rodeaban. A lo largo de su vida, Eduardo dedic\u00f3 tiempo y recursos a diversas causas, siempre actuando con una generosidad y humildad ejemplares. Su impacto se sinti\u00f3 profundamente en la comunidad, donde su apoyo constante y discreto ayud\u00f3 a innumerables personas a superar desaf\u00edos y alcanzar sus sue\u00f1os.<\/p>\n<p style=\"text-align: center;\">Con la creaci\u00f3n de la Fundaci\u00f3n Eduardo Vela Ruiz, buscamos continuar con ese esp\u00edritu de altruismo y dedicaci\u00f3n. Nuestro objetivo es hacer una diferencia positiva en la vida de quienes m\u00e1s lo necesitan, centr\u00e1ndonos en \u00e1reas clave como la educaci\u00f3n y la salud. A trav\u00e9s de nuestros programas y proyectos, aspiramos a ofrecer oportunidades y apoyo a individuos y familias, empoder\u00e1ndolos para construir un futuro mejor. Al honrar la memoria de Eduardo Vela Ruiz, nos comprometemos a seguir su ejemplo de compasi\u00f3n, liderazgo y compromiso con el bienestar de la sociedad.<\/p>\n<p>[\/vc_column_text]<div class=\"edgtf-separator-holder clearfix  edgtf-separator-center\">\n\t<div class=\"edgtf-separator\" style=\"border-color: #1e73be;width: 50px;border-bottom-width: 3px;margin-top: 25px;margin-bottom: 25px\"><\/div>\n<\/div>\n[vc_empty_space height=&#8221;70px&#8221;]\t\t<\/div>\n\t<\/div>\n\t<\/div><\/div>[\/vc_column][vc_column width=&#8221;1\/6&#8243;]<div class=\"edgtf-elements-holder edgtf-responsive-mode-768\" ><div class=\"edgtf-elements-holder-item \" data-item-class=\"edgtf-elements-holder-custom-422617\" >\n\t\t<div class=\"edgtf-elements-holder-item-inner\">\n\t\t<div class=\"edgtf-elements-holder-item-content edgtf-elements-holder-custom-422617\" >\n\t\t\t\t\t<\/div>\n\t<\/div>\n\t<\/div><\/div>[\/vc_column][\/vc_row][vc_row][vc_column width=&#8221;1\/6&#8243;]<div class=\"edgtf-elements-holder edgtf-responsive-mode-768\" ><div class=\"edgtf-elements-holder-item \" data-item-class=\"edgtf-elements-holder-custom-224037\" >\n\t\t<div class=\"edgtf-elements-holder-item-inner\">\n\t\t<div class=\"edgtf-elements-holder-item-content edgtf-elements-holder-custom-224037\" >\n\t\t\t\t\t<\/div>\n\t<\/div>\n\t<\/div><\/div>[\/vc_column][vc_column width=&#8221;2\/3&#8243;]<div class=\"edgtf-elements-holder edgtf-responsive-mode-768\" ><div class=\"edgtf-elements-holder-item \" data-item-class=\"edgtf-elements-holder-custom-754813\" data-1280-1600=\"100px 4% 80px 0%\" data-1024-1280=\"100px 0% 80px 0%\" data-768-1024=\"70px 0% 80px 0%\" data-600-768=\"23px 20% 0px 20%\" data-480-600=\"23px 20% 0px 20%\" data-480=\"23px 20% 0px 20%\" >\n\t\t<div class=\"edgtf-elements-holder-item-inner\">\n\t\t<div class=\"edgtf-elements-holder-item-content edgtf-elements-holder-custom-754813\" style=\"padding: 100px 9% 80px 0%\">\n\t\t\t<div class=\"edgtf-tabs edgtf-vertical-tab edgtf-tab-without-icon clearfix\">\n\t<ul class=\"edgtf-tabs-nav\">\n\t\t\t\t\t<li>\n\t\t\t\t<a href=\"#tab-mision\">\n\t\t\t\t\t\n\t\t\t\t\t\t\t\t\t\t\t<span class=\"edgtf-tab-text-after-icon\">\n\t\t\t\t\t\t\tMisi\u00f3n\t\t\t\t\t\t<\/span>\n\t\t\t\t\t\t\t\t\t\t\t\n\t\t\t\t\t\t\t\t\t<\/a>\n\t\t\t <\/li>\n\t\t\t\t\t<li>\n\t\t\t\t<a href=\"#tab-vision\">\n\t\t\t\t\t\n\t\t\t\t\t\t\t\t\t\t\t<span class=\"edgtf-tab-text-after-icon\">\n\t\t\t\t\t\t\tVisi\u00f3n\t\t\t\t\t\t<\/span>\n\t\t\t\t\t\t\t\t\t\t\t\n\t\t\t\t\t\t\t\t\t<\/a>\n\t\t\t <\/li>\n\t\t\t\t\t<li>\n\t\t\t\t<a href=\"#tab-valores\">\n\t\t\t\t\t\n\t\t\t\t\t\t\t\t\t\t\t<span class=\"edgtf-tab-text-after-icon\">\n\t\t\t\t\t\t\tValores\t\t\t\t\t\t<\/span>\n\t\t\t\t\t\t\t\t\t\t\t\n\t\t\t\t\t\t\t\t\t<\/a>\n\t\t\t <\/li>\n\t\t\t<\/ul> \n\t<div class=\"edgtf-tab-container\" id=\"tab-mision-946\" data-icon-pack=\"font_awesome\" data-icon-html=\"&lt;i class=&quot;edgtf-icon-font-awesome fa  &quot; &gt;&lt;\/i&gt;\">[vc_column_text]Promover el<b> bienestar integral <\/b>de las comunidades donde operamos a trav\u00e9s del fortalecimiento de la <b>educaci\u00f3n<\/b> y <b>salud<\/b>, contribuyendo as\u00ed a mejorar su calidad de vida.[\/vc_column_text]<\/div><div class=\"edgtf-tab-container\" id=\"tab-vision-559\" data-icon-pack=\"font_awesome\" data-icon-html=\"&lt;i class=&quot;edgtf-icon-font-awesome fa  &quot; &gt;&lt;\/i&gt;\">[vc_column_text]Convertirnos en la organizaci\u00f3n sin fines de lucro con mayor impacto en el <b>bienestar integral<\/b> de nuestra comunidad. Ser un factor de <b>cambio fundamental <\/b>en la sociedad mediante programas centrados en la educaci\u00f3n, la salud y el desarrollo sostenible, dejando un legado de uni\u00f3n y esperanza.[\/vc_column_text]<\/div><div class=\"edgtf-tab-container\" id=\"tab-valores-129\" data-icon-pack=\"font_awesome\" data-icon-html=\"&lt;i class=&quot;edgtf-icon-font-awesome fa  &quot; &gt;&lt;\/i&gt;\">[vc_column_text]Nos guiamos por valores fundamentales: compromiso con la educaci\u00f3n, empat\u00eda hacia las necesidades de los dem\u00e1s, colaboraci\u00f3n estrat\u00e9gica, integridad en todas nuestras acciones, respeto por la diversidad, y b\u00fasqueda constante de la excelencia.[\/vc_column_text][vc_empty_space]<div class=\"edgtf-unordered-list  edgtf-square\" >\n<ul>\n<li><b>Compromiso: <\/b><span style=\"font-weight: 400;\">estamos comprometidos con nuestra misi\u00f3n de promover la educaci\u00f3n, actuando con determinaci\u00f3n y responsabilidad en todas nuestras acciones.<\/span><\/li>\n<li><b>Empat\u00eda:<\/b><span style=\"font-weight: 400;\"> valoramos la comprensi\u00f3n y la sensibilidad hacia las necesidades de los dem\u00e1s, mostrando empat\u00eda hacia aquellos que buscan mejorar su acceso a la educaci\u00f3n.<\/span><\/li>\n<li><b>Colaboraci\u00f3n:<\/b><span style=\"font-weight: 400;\"> reconocemos la importancia de trabajar en equipo y establecer alianzas estrat\u00e9gicas con otras organizaciones, instituciones y comunidades para maximizar nuestro impacto y alcanzar nuestros objetivos de manera efectiva.<\/span><\/li>\n<li><b>Integridad: <\/b><span style=\"font-weight: 400;\">actuamos con honestidad, transparencia y \u00e9tica en todas nuestras interacciones, manteniendo la confianza de nuestros donantes, colaboradores y beneficiarios.<\/span><\/li>\n<li><b>Respeto:<\/b><span style=\"font-weight: 400;\"> valoramos la diversidad y el respeto por las diferencias individuales, promoviendo un ambiente inclusivo donde todas las personas sean tratadas con dignidad y respeto.<\/span><\/li>\n<li><b>Excelencia:<\/b><span style=\"font-weight: 400;\"> nos esforzamos por alcanzar la excelencia en todo lo que hacemos, buscando la mejora continua y la eficiencia en la gesti\u00f3n de nuestros recursos para lograr los mejores resultados posibles.<\/span><\/li>\n<\/ul>\n<\/div>[vc_empty_space height=&#8221;70px&#8221;]<\/div><\/div>\t\t<\/div>\n\t<\/div>\n\t<\/div><\/div>[\/vc_column][vc_column width=&#8221;1\/6&#8243;]<div class=\"edgtf-elements-holder edgtf-responsive-mode-768\" ><div class=\"edgtf-elements-holder-item \" data-item-class=\"edgtf-elements-holder-custom-604265\" >\n\t\t<div class=\"edgtf-elements-holder-item-inner\">\n\t\t<div class=\"edgtf-elements-holder-item-content edgtf-elements-holder-custom-604265\" >\n\t\t\t\t\t<\/div>\n\t<\/div>\n\t<\/div><\/div>[\/vc_column][\/vc_row][vc_row][vc_column width=&#8221;1\/6&#8243;][\/vc_column][vc_column width=&#8221;2\/3&#8243;][\/vc_column][vc_column width=&#8221;1\/6&#8243;][\/vc_column][\/vc_row][vc_row content_width=&#8221;grid&#8221; css=&#8221;.vc_custom_1718335178074{padding-bottom: 100px !important;background-position: center !important;background-repeat: no-repeat !important;background-size: cover !important;}&#8221;][vc_column offset=&#8221;vc_col-lg-4 vc_col-md-12 vc_col-xs-12&#8243;][vc_empty_space height=&#8221;19px&#8221;]<div class=\"edgtf-banner\">\n\t\t<div class=\"edgtf-banner-image\">\n\t\t\t<img decoding=\"async\" src=\"https:\/\/eduardovelaruiz.org\/wp-content\/uploads\/2024\/06\/banner_mision.png\" alt=\"Image2\" \/>\n\t<\/div>\n\t<div class=\"edgtf-banner-text-holder\">\n\t\t<div class=\"edgtf-banner-text-table\">\n\t\t\t<div class=\"edgtf-banner-text-cell\">\n\t\t\t\t\t\t\t\t\t\t\t\t\t<h3 class=\"edgtf-banner-title\" style=\"color:#ffffff\">\n\t\t\t\t\t\t<span>Transformando vidas<\/span>\n\t\t\t\t\t<\/h3>\n\t\t\t\t\t\t\t\t\t\t\t<\/div>\n\t\t<\/div>\n\t<\/div>\n\t<\/div>[vc_empty_space height=&#8221;19px&#8221;][\/vc_column][vc_column offset=&#8221;vc_col-lg-4 vc_col-md-12 vc_col-xs-12&#8243;][vc_empty_space height=&#8221;19px&#8221;]<div class=\"edgtf-banner\">\n\t\t<div class=\"edgtf-banner-image\">\n\t\t\t<img decoding=\"async\" src=\"https:\/\/eduardovelaruiz.org\/wp-content\/uploads\/2024\/06\/banner_vision.png\" alt=\"Image2\" \/>\n\t<\/div>\n\t<div class=\"edgtf-banner-text-holder\">\n\t\t<div class=\"edgtf-banner-text-table\">\n\t\t\t<div class=\"edgtf-banner-text-cell\">\n\t\t\t\t\t\t\t\t\t\t\t\t\t<h3 class=\"edgtf-banner-title\" style=\"color:#ffffff\">\n\t\t\t\t\t\t<span>Bienestar comunitario<\/span>\n\t\t\t\t\t<\/h3>\n\t\t\t\t\t\t\t\t\t\t\t<\/div>\n\t\t<\/div>\n\t<\/div>\n\t<\/div>[vc_empty_space height=&#8221;19px&#8221;][\/vc_column][vc_column offset=&#8221;vc_col-lg-4 vc_col-md-12 vc_col-xs-12&#8243;][vc_empty_space height=&#8221;19px&#8221;]<div class=\"edgtf-banner\">\n\t\t<div class=\"edgtf-banner-image\">\n\t\t\t<img decoding=\"async\" src=\"https:\/\/eduardovelaruiz.org\/wp-content\/uploads\/2024\/06\/banner_valores.png\" alt=\"Image2\" \/>\n\t<\/div>\n\t<div class=\"edgtf-banner-text-holder\">\n\t\t<div class=\"edgtf-banner-text-table\">\n\t\t\t<div class=\"edgtf-banner-text-cell\">\n\t\t\t\t\t\t\t\t\t\t\t\t\t<h3 class=\"edgtf-banner-title\" style=\"color:#ffffff\">\n\t\t\t\t\t\t<span>Compromiso con M\u00e9xico<\/span>\n\t\t\t\t\t<\/h3>\n\t\t\t\t\t\t\t\t\t\t\t<\/div>\n\t\t<\/div>\n\t<\/div>\n\t<\/div>[vc_empty_space height=&#8221;19px&#8221;][\/vc_column][\/vc_row][vc_row content_width=&#8221;grid&#8221; css=&#8221;.vc_custom_1719502883603{padding-top: 70px !important;padding-bottom: 70px !important;background-image: url(https:\/\/goodwish.qodeinteractive.com\/wp-content\/uploads\/2017\/03\/page-img-about-1.jpg?id=13912) !important;background-position: center !important;background-repeat: no-repeat !important;background-size: cover !important;}&#8221; el_class=&#8221;ocultar&#8221;][vc_column][vc_row_inner][vc_column_inner width=&#8221;1\/2&#8243;]<div class=\"edgtf-elements-holder edgtf-responsive-mode-768\" ><div class=\"edgtf-elements-holder-item \" data-item-class=\"edgtf-elements-holder-custom-972279\" data-1280-1600=\"0px 1% 0px 0%\" data-768-1024=\"0px 8% 0px 0%\" data-600-768=\"23px 8% 0px 4%\" data-480=\"0px 0% 50px 3%\" >\n\t\t<div class=\"edgtf-elements-holder-item-inner\">\n\t\t<div class=\"edgtf-elements-holder-item-content edgtf-elements-holder-custom-972279\" style=\"padding: 0px 10% 0px 0%\">\n\t\t\t[vc_empty_space height=&#8221;19px&#8221;][vc_column_text]<\/p>\n<h2>\u00bfTe gustar\u00eda contribuir?<\/h2>\n<p>[\/vc_column_text]<div class=\"edgtf-separator-holder clearfix  edgtf-separator-left\">\n\t<div class=\"edgtf-separator\" style=\"border-color: #1e73be;width: 55px;border-bottom-width: 3px;margin-top: 25px\"><\/div>\n<\/div>\n[vc_empty_space][vc_column_text]\u00danete a nosotros para hacer una diferencia significativa en la educaci\u00f3n, la salud y la sostenibilidad de nuestra comunidad.[\/vc_column_text][vc_empty_space height=&#8221;19px&#8221;]\t\t<\/div>\n\t<\/div>\n\t<\/div><\/div>[\/vc_column_inner][vc_column_inner width=&#8221;1\/2&#8243;]<div class=\"edgtf-elements-holder edgtf-responsive-mode-768\" ><div class=\"edgtf-elements-holder-item \" data-item-class=\"edgtf-elements-holder-custom-475580\" data-1280-1600=\"0px 1% 0px 0%\" data-768-1024=\"0px 8% 0px 0%\" data-600-768=\"23px 8% 0px 4%\" data-480=\"0px 0% 50px 3%\" >\n\t\t<div class=\"edgtf-elements-holder-item-inner\">\n\t\t<div class=\"edgtf-elements-holder-item-content edgtf-elements-holder-custom-475580\" style=\"padding: 0px 10% 0px 0%\">\n\t\t\t[vc_empty_space height=&#8221;19px&#8221;][vc_column_text]<\/p>\n<h2>Registrate como voluntario<\/h2>\n<p>[\/vc_column_text]<div class=\"edgtf-separator-holder clearfix  edgtf-separator-left\">\n\t<div class=\"edgtf-separator\" style=\"border-color: #1e73be;width: 55px;border-bottom-width: 3px;margin-top: 25px\"><\/div>\n<\/div>\n[vc_empty_space]\n<div class=\"wpcf7 no-js\" id=\"wpcf7-f18248-o1\" lang=\"es-MX\" dir=\"ltr\">\n<div class=\"screen-reader-response\"><p role=\"status\" aria-live=\"polite\" aria-atomic=\"true\"><\/p> <ul><\/ul><\/div>\n<form action=\"\/index.php?rest_route=%2Fwp%2Fv2%2Fpages%2F18111#wpcf7-f18248-o1\" method=\"post\" class=\"wpcf7-form init cf7_custom_style_1\" aria-label=\"Formulario de contacto\" novalidate=\"novalidate\" data-status=\"init\">\n<div style=\"display: none;\">\n<input type=\"hidden\" name=\"_wpcf7\" value=\"18248\" \/>\n<input type=\"hidden\" name=\"_wpcf7_version\" value=\"5.9.8\" \/>\n<input type=\"hidden\" name=\"_wpcf7_locale\" value=\"es_MX\" \/>\n<input type=\"hidden\" name=\"_wpcf7_unit_tag\" value=\"wpcf7-f18248-o1\" \/>\n<input type=\"hidden\" name=\"_wpcf7_container_post\" value=\"0\" \/>\n<input type=\"hidden\" name=\"_wpcf7_posted_data_hash\" value=\"\" \/>\n<input type=\"hidden\" name=\"_wpcf7_recaptcha_response\" value=\"\" \/>\n<\/div>\n<div class=\"uacf7-form-18248\"><label> Tu correo electr\u00f3nico\n    <span class=\"wpcf7-form-control-wrap\" data-name=\"your-email\"><input size=\"40\" maxlength=\"400\" class=\"wpcf7-form-control wpcf7-email wpcf7-validates-as-required wpcf7-text wpcf7-validates-as-email\" autocomplete=\"email\" aria-required=\"true\" aria-invalid=\"false\" value=\"\" type=\"email\" name=\"your-email\" \/><\/span> <\/label>\n<span class=\"wpcf7-form-control-wrap recaptcha\" data-name=\"recaptcha\"><span data-sitekey=\"6LfwbfYpAAAAAFo1v8WDomb3sjE9ATTglaCDGN2l\" class=\"wpcf7-form-control wpcf7-recaptcha g-recaptcha\"><\/span>\r\n<noscript>\r\n\t<div class=\"grecaptcha-noscript\">\r\n\t\t<iframe src=\"https:\/\/www.google.com\/recaptcha\/api\/fallback?k=6LfwbfYpAAAAAFo1v8WDomb3sjE9ATTglaCDGN2l\" frameborder=\"0\" scrolling=\"no\" width=\"310\" height=\"430\">\r\n\t\t<\/iframe>\r\n\t\t<textarea name=\"g-recaptcha-response\" rows=\"3\" cols=\"40\" placeholder=\"Aqu\u00ed la respuesta de reCAPTCHA\">\r\n\t\t<\/textarea>\r\n\t<\/div>\r\n<\/noscript>\r\n<\/span>\n<input class=\"wpcf7-form-control wpcf7-submit has-spinner\" type=\"submit\" value=\"Enviar\" \/><\/div><div class=\"wpcf7-response-output\" aria-hidden=\"true\"><\/div>\n<\/form>\n<\/div>\n[vc_empty_space height=&#8221;19px&#8221;]\t\t<\/div>\n\t<\/div>\n\t<\/div><\/div>[\/vc_column_inner][\/vc_row_inner][\/vc_column][\/vc_row][vc_row css=&#8221;.vc_custom_1718667101374{background-color: #383c4c !important;}&#8221;][vc_column width=&#8221;1\/3&#8243;]<div class=\"edgtf-elements-holder edgtf-responsive-mode-768\" ><div class=\"edgtf-elements-holder-item \" data-item-class=\"edgtf-elements-holder-custom-289365\" data-1280-1600=\"0px 4% 0px 0%\" data-1024-1280=\"0px 0% 0px 0%\" data-768-1024=\"0px 0% 0px 0%\" data-480=\"0px 8% 0px 4%\" >\n\t\t<div class=\"edgtf-elements-holder-item-inner\">\n\t\t<div class=\"edgtf-elements-holder-item-content edgtf-elements-holder-custom-289365\" style=\"padding: 0px 9% 0px 0%\">\n\t\t\t[vc_single_image image=&#8221;18105&#8243; img_size=&#8221;medium&#8221; alignment=&#8221;center&#8221; css=&#8221;.vc_custom_1718642926673{background-image: url(https:\/\/eduardovelaruiz.org\/wp-content\/uploads\/2024\/06\/04_LOGO_FEJVR_Blanco.png?id=18105) !important;}&#8221;]\t\t<\/div>\n\t<\/div>\n\t<\/div><\/div>[\/vc_column][vc_column width=&#8221;1\/3&#8243;]<div class=\"edgtf-elements-holder edgtf-responsive-mode-768\" ><div class=\"edgtf-elements-holder-item \" data-item-class=\"edgtf-elements-holder-custom-338016\" data-1280-1600=\"10px 4% 10px 0%\" data-1024-1280=\"10px 0% 10px 0%\" data-768-1024=\"10px 0% 10px 0%\" data-600-768=\"10px 20% 10px 20%\" data-480-600=\"10px 20% 10px 20%\" data-480=\"10px 20% 10px 20%\" >\n\t\t<div class=\"edgtf-elements-holder-item-inner\">\n\t\t<div class=\"edgtf-elements-holder-item-content edgtf-elements-holder-custom-338016\" style=\"padding: 10px 9% 10px 0%\">\n\t\t\t[vc_empty_space height=&#8221;10px&#8221;][vc_column_text]<\/p>\n<h3><span style=\"color: #ffffff;\">Nosotros<\/span><\/h3>\n<p>[\/vc_column_text][vc_column_text]<span style=\"color: #ffffff;\">Estamos comprometidos con la educaci\u00f3n equitativa y el cambio positivo en la sociedad.<\/span>[\/vc_column_text][vc_empty_space height=&#8221;10px&#8221;]\t\t<\/div>\n\t<\/div>\n\t<\/div><\/div>[\/vc_column][vc_column width=&#8221;1\/3&#8243;]<div class=\"edgtf-elements-holder edgtf-responsive-mode-768\" ><div class=\"edgtf-elements-holder-item \" data-item-class=\"edgtf-elements-holder-custom-990437\" data-1280-1600=\"10px 4% 10px 0%\" data-1024-1280=\"10px 0% 10px 0%\" data-768-1024=\"10px 0% 10px 0%\" data-600-768=\"10px 20% 10px 20%\" data-480-600=\"10px 20% 10px 20%\" data-480=\"10px 20% 10px 20%\" >\n\t\t<div class=\"edgtf-elements-holder-item-inner\">\n\t\t<div class=\"edgtf-elements-holder-item-content edgtf-elements-holder-custom-990437\" style=\"padding: 10px 9% 10px 0%\">\n\t\t\t[vc_empty_space height=&#8221;10px&#8221;][vc_empty_space height=&#8221;10px&#8221;]\t\t<\/div>\n\t<\/div>\n\t<\/div><\/div>[\/vc_column][\/vc_row][vc_row][vc_column][vc_raw_html]JTNDbGluayUyMGhyZWYlM0QlMjIlMkYlMkZjZG5qcy5jbG91ZGZsYXJlLmNvbSUyRmFqYXglMkZsaWJzJTJGZm9udC1hd2Vzb21lJTJGNC43LjAlMkZjc3MlMkZmb250LWF3ZXNvbWUubWluLmNzcyUyMiUyMHJlbCUzRCUyMnN0eWxlc2hlZXQlMjIlM0UlMEElM0NzdHlsZSUzRSUwQSUyRiUyQSUyMEdlbmVyYWwlMjBzdHlsZXMlMjAlMkElMkYlMEFkaXYubXljb250YWluZXIlMjAlN0IlMEElMjAlMjB3aWR0aCUzQSUyMDEwMCUyNSUzQiUwQSUyMCUyMG92ZXJmbG93JTNBJTIwYXV0byUzQiUwQSUyMCUyMGRpc3BsYXklM0ElMjBmbGV4JTNCJTBBJTIwJTIwZmxleC13cmFwJTNBJTIwd3JhcCUzQiUwQSUyMCUyMGJhY2tncm91bmQtY29sb3IlM0ElMjAlMjMxZTczYmUlM0IlMEElN0QlMEElMEFkaXYubXljb250YWluZXIlMjBkaXYlMjAlN0IlMEElMjAlMjB3aWR0aCUzQSUyMDMzJTI1JTNCJTBBJTIwJTIwdGV4dC1hbGlnbiUzQSUyMGNlbnRlciUzQiUwQSUyMCUyMHBhZGRpbmclM0ElMjAyMHB4JTIwMCUzQiUwQSUyMCUyMGNvbG9yJTNBJTIwd2hpdGUlM0IlMEElN0QlMEElMEElMkYlMkElMjBTb2NpYWwlMjBpY29ucyUyMCUyQSUyRiUwQS5zb2NpYWwtaWNvbnMlMjAlN0IlMEElMjAlMjB0ZXh0LWFsaWduJTNBJTIwY2VudGVyJTNCJTBBJTIwJTIwcGFkZGluZy1sZWZ0JTNBJTIwMCUzQiUwQSUyMCUyMG1hcmdpbi1ib3R0b20lM0ElMjAwJTNCJTBBJTIwJTIwbGlzdC1zdHlsZSUzQSUyMG5vbmUlM0IlMEElN0QlMEElMEEuc29jaWFsLWljb25zJTIwbGklMjAlN0IlMEElMjAlMjBkaXNwbGF5JTNBJTIwaW5saW5lLWJsb2NrJTNCJTBBJTIwJTIwbWFyZ2luLWJvdHRvbSUzQSUyMDEycHglM0IlMEElN0QlMEElMEEuc29jaWFsLWljb25zJTIwYSUyMCU3QiUwQSUyMCUyMHdpZHRoJTNBJTIwNDRweCUzQiUwQSUyMCUyMGhlaWdodCUzQSUyMDQ0cHglM0IlMEElMjAlMjBiYWNrZ3JvdW5kLWNvbG9yJTNBJTIwJTIzMWU3M2JlJTNCJTBBJTIwJTIwY29sb3IlM0ElMjB3aGl0ZSUzQiUwQSUyMCUyMHRleHQtYWxpZ24lM0ElMjBjZW50ZXIlM0IlMEElMjAlMjBsaW5lLWhlaWdodCUzQSUyMDQ0cHglM0IlMEElMjAlMjBmb250LXNpemUlM0ElMjAyNHB4JTNCJTBBJTIwJTIwZGlzcGxheSUzQSUyMGlubGluZS1ibG9jayUzQiUwQSUyMCUyMGJvcmRlci1yYWRpdXMlM0ElMjA1MCUyNSUzQiUwQSUyMCUyMC13ZWJraXQtdHJhbnNpdGlvbiUzQSUyMGFsbCUyMC4ycyUyMGxpbmVhciUzQiUwQSUyMCUyMC1vLXRyYW5zaXRpb24lM0ElMjBhbGwlMjAuMnMlMjBsaW5lYXIlM0IlMEElMjAlMjB0cmFuc2l0aW9uJTNBJTIwYWxsJTIwLjJzJTIwbGluZWFyJTNCJTBBJTdEJTBBJTBBLnNvY2lhbC1pY29ucyUyMGElM0FhY3RpdmUlMkMlMjAuc29jaWFsLWljb25zJTIwYSUzQWZvY3VzJTJDJTIwLnNvY2lhbC1pY29ucyUyMGElM0Fob3ZlciUyMCU3QiUwQSUyMCUyMGNvbG9yJTNBJTIwJTIzZmZmJTNCJTBBJTIwJTIwYmFja2dyb3VuZC1jb2xvciUzQSUyMCUyMzFlNzNiZSUzQiUwQSU3RCUwQSUwQS5zb2NpYWwtaWNvbnMlMjBhLmZhY2Vib29rJTNBaG92ZXIlMjAlN0IlMEElMjAlMjBiYWNrZ3JvdW5kLWNvbG9yJTNBJTIwJTIzM2I1OTk4JTNCJTBBJTdEJTBBJTBBLnNvY2lhbC1pY29ucyUyMGEudHdpdHRlciUzQWhvdmVyJTIwJTdCJTBBJTIwJTIwYmFja2dyb3VuZC1jb2xvciUzQSUyMCUyMzAwYWNlZCUzQiUwQSU3RCUwQSUwQS5zb2NpYWwtaWNvbnMlMjBhLmluc3RhZ3JhbSUzQWhvdmVyJTIwJTdCJTBBJTIwJTIwYmFja2dyb3VuZC1jb2xvciUzQSUyMCUyM2YwMDA3NyUzQiUwQSU3RCUwQSUwQSUyRiUyQSUyME1lZGlhJTIwcXVlcmllcyUyMGZvciUyMHJlc3BvbnNpdmUlMjBkZXNpZ24lMjAlMkElMkYlMEElNDBtZWRpYSUyMCUyOG1heC13aWR0aCUzQSUyMDk5MXB4JTI5JTIwJTdCJTBBJTIwJTIwZGl2Lm15Y29udGFpbmVyJTIwZGl2JTIwJTdCJTBBJTIwJTIwJTIwJTIwd2lkdGglM0ElMjA1MCUyNSUzQiUwQSUyMCUyMCU3RCUwQSU3RCUwQSUwQSU0MG1lZGlhJTIwJTI4bWF4LXdpZHRoJTNBJTIwNzY3cHglMjklMjAlN0IlMEElMjAlMjBkaXYubXljb250YWluZXIlMjBkaXYlMjAlN0IlMEElMjAlMjAlMjAlMjB3aWR0aCUzQSUyMDEwMCUyNSUzQiUwQSUyMCUyMCU3RCUwQSU3RCUwQSUzQyUyRnN0eWxlJTNFJTBBJTBBJTNDZGl2JTIwY2xhc3MlM0QlMjJteWNvbnRhaW5lciUyMiUzRSUwQSUyMCUyMCUzQ2RpdiUzRSUwQSUyMCUyMCUyMCUyMCUzQ3AlM0UlQzIlQTklMjAyMDI2JTIwRnVuZGFjaSVDMyVCM24lMjBFZHVhcmRvJTIwSi4lMjBWZWxhJTIwUnVpeiUzQyUyRnAlM0UlMEElMjAlMjAlMjAlMjAlM0NwJTIwc3R5bGUlM0QlMjJjb2xvciUzQXdoaXRlJTNCdGV4dC1kZWNvcmF0aW9uJTNBJTIwdW5kZXJsaW5lJTNCJTIyJTNFJTNDYSUyMGhyZWYlM0QlMjJodHRwcyUzQSUyRiUyRmVkdWFyZG92ZWxhcnVpei5vcmclMkYlM0ZwYWdlX2lkJTNEMTg4OTIlMjIlMjB0YXJnZXQlM0QlMjJfYmxhbmslMjIlMjBzdHlsZSUzRCUyMmNvbG9yJTNBd2hpdGUlM0IlMjIlM0VQb2wlQzMlQUR0aWNhJTIwZGUlMjBQcm90ZWNjaSVDMyVCM24lMjBkZSUyMERhdG9zJTNDJTJGYSUzRSUzQyUyRnAlM0UlMEElMjAlMjAlM0MlMkZkaXYlM0UlMEElMjAlMjAlMEElMjAlMjAlM0NkaXYlM0UlMEElMjAlMjAlMjAlMjAlM0N1bCUyMGNsYXNzJTNEJTIyc29jaWFsLWljb25zJTIyJTNFJTBBJTIwJTIwJTIwJTIwJTIwJTIwJTNDbGklM0UlM0NhJTIwY2xhc3MlM0QlMjJpbnN0YWdyYW0lMjIlMjBocmVmJTNEJTIyaHR0cHMlM0ElMkYlMkZ3d3cuaW5zdGFncmFtLmNvbSUyRmZ1bmRhY2lvbmVkdWFyZG92ZWxhJTNGaWdzaCUzRFpXRjRlbUppT0c0MmIzbGslMjIlMjB0YXJnZXQlM0QlMjJfYmxhbmslMjIlM0UlM0NpJTIwY2xhc3MlM0QlMjJmYSUyMGZhLWluc3RhZ3JhbSUyMiUzRSUzQyUyRmklM0UlM0MlMkZhJTNFJTNDJTJGbGklM0UlMEElMjAlMjAlMjAlMjAlMjAlMjAlM0NsaSUzRSUzQ2ElMjBjbGFzcyUzRCUyMmZhY2Vib29rJTIyJTIwaHJlZiUzRCUyMmh0dHBzJTNBJTJGJTJGd3d3LmZhY2Vib29rLmNvbSUyRkZ1bmRhY2lvbkVkdWFyZG9Kb3NlVmVsYVJ1aXolMjIlMjB0YXJnZXQlM0QlMjJfYmxhbmslMjIlM0UlM0NpJTIwY2xhc3MlM0QlMjJmYSUyMGZhLWZhY2Vib29rJTIyJTNFJTNDJTJGaSUzRSUzQyUyRmElM0UlM0MlMkZsaSUzRSUwQSUyMCUyMCUyMCUyMCUyMCUyMCUzQ2xpJTNFJTNDYSUyMGNsYXNzJTNEJTIybGlua2VkaW4lMjIlMjBocmVmJTNEJTIyaHR0cHMlM0ElMkYlMkZ3d3cubGlua2VkaW4uY29tJTJGY29tcGFueSUyRmZ1bmRhY2lvbmVkdWFyZG9qb3NldmVsYXJ1aXolMkZwb3N0cyUyRiUyMiUyMHRhcmdldCUzRCUyMl9ibGFuayUyMiUzRSUzQ2klMjBjbGFzcyUzRCUyMmZhJTIwZmEtbGlua2VkaW4lMjIlM0UlM0MlMkZpJTNFJTNDJTJGYSUzRSUzQyUyRmxpJTNFJTBBJTIwJTIwJTIwJTIwJTNDJTJGdWwlM0UlMEElMjAlMjAlM0MlMkZkaXYlM0UlMEElMjAlMjAlMEElMjAlMjAlM0NkaXYlM0UlMEElMjAlMjAlMjAlMjAlM0NwJTNFVG9kb3MlMjBsb3MlMjBkZXJlY2hvcyUyMHJlc2VydmFkb3MlM0MlMkZwJTNFJTBBJTIwJTIwJTNDJTJGZGl2JTNFJTBBJTNDJTJGZGl2JTNFJTBB[\/vc_raw_html][\/vc_column][\/vc_row]<\/p>\n<\/div>","protected":false},"excerpt":{"rendered":"<p>[vc_row][vc_column width=&#8221;1\/6&#8243;][\/vc_column][vc_column width=&#8221;2\/3&#8243;][\/vc_column][vc_column width=&#8221;1\/6&#8243;][\/vc_column][\/vc_row][vc_row][vc_column width=&#8221;1\/6&#8243;][\/vc_column][vc_column width=&#8221;2\/3&#8243;][\/vc_column][vc_column width=&#8221;1\/6&#8243;][\/vc_column][\/vc_row][vc_row][vc_column width=&#8221;1\/6&#8243;][\/vc_column][vc_column width=&#8221;2\/3&#8243;][\/vc_column][vc_column width=&#8221;1\/6&#8243;][\/vc_column][\/vc_row][vc_row content_width=&#8221;grid&#8221; css=&#8221;.vc_custom_1718335178074{padding-bottom: 100px !important;background-position: center !important;background-repeat: no-repeat !important;background-size: cover !important;}&#8221;][vc_column offset=&#8221;vc_col-lg-4 vc_col-md-12 vc_col-xs-12&#8243;][vc_empty_space height=&#8221;19px&#8221;][vc_empty_space height=&#8221;19px&#8221;][\/vc_column][vc_column offset=&#8221;vc_col-lg-4 vc_col-md-12 vc_col-xs-12&#8243;][vc_empty_space height=&#8221;19px&#8221;][vc_empty_space height=&#8221;19px&#8221;][\/vc_column][vc_column offset=&#8221;vc_col-lg-4 vc_col-md-12 vc_col-xs-12&#8243;][vc_empty_space height=&#8221;19px&#8221;][vc_empty_space height=&#8221;19px&#8221;][\/vc_column][\/vc_row][vc_row content_width=&#8221;grid&#8221; css=&#8221;.vc_custom_1719502883603{padding-top: 70px !important;padding-bottom: 70px !important;background-image: url(https:\/\/goodwish.qodeinteractive.com\/wp-content\/uploads\/2017\/03\/page-img-about-1.jpg?id=13912) !important;background-position: center !important;background-repeat: no-repeat !important;background-size: cover !important;}&#8221; el_class=&#8221;ocultar&#8221;][vc_column][vc_row_inner][vc_column_inner width=&#8221;1\/2&#8243;][\/vc_column_inner][vc_column_inner width=&#8221;1\/2&#8243;][\/vc_column_inner][\/vc_row_inner][\/vc_column][\/vc_row][vc_row css=&#8221;.vc_custom_1718667101374{background-color: #383c4c !important;}&#8221;][vc_column&#8230;<\/p>\n","protected":false},"author":1,"featured_media":0,"parent":0,"menu_order":0,"comment_status":"closed","ping_status":"closed","template":"full-width.php","meta":{"give_campaign_id":0,"footnotes":""},"class_list":["post-18111","page","type-page","status-publish","hentry"],"campaignId":"","_links":{"self":[{"href":"https:\/\/eduardovelaruiz.org\/index.php?rest_route=\/wp\/v2\/pages\/18111","targetHints":{"allow":["GET"]}}],"collection":[{"href":"https:\/\/eduardovelaruiz.org\/index.php?rest_route=\/wp\/v2\/pages"}],"about":[{"href":"https:\/\/eduardovelaruiz.org\/index.php?rest_route=\/wp\/v2\/types\/page"}],"author":[{"embeddable":true,"href":"https:\/\/eduardovelaruiz.org\/index.php?rest_route=\/wp\/v2\/users\/1"}],"replies":[{"embeddable":true,"href":"https:\/\/eduardovelaruiz.org\/index.php?rest_route=%2Fwp%2Fv2%2Fcomments&post=18111"}],"version-history":[{"count":111,"href":"https:\/\/eduardovelaruiz.org\/index.php?rest_route=\/wp\/v2\/pages\/18111\/revisions"}],"predecessor-version":[{"id":18915,"href":"https:\/\/eduardovelaruiz.org\/index.php?rest_route=\/wp\/v2\/pages\/18111\/revisions\/18915"}],"wp:attachment":[{"href":"https:\/\/eduardovelaruiz.org\/index.php?rest_route=%2Fwp%2Fv2%2Fmedia&parent=18111"}],"curies":[{"name":"wp","href":"https:\/\/api.w.org\/{rel}","templated":true}]}}